*g. Suppose 4*q = q + g. Calculate the highest common divisor of q and 11.
11
Suppose -5*c = -17 + 2. What is the highest common divisor of 18 and c?
3
Let q = 9 - 1. Let o(s) = -s**2 + 4*s - 7. Let f be o(3). Let j = q + f. What is the greatest common divisor of j and 32?
4
Suppose -10 = 4*p - 2. Let n be p*(1 - (-42)/(-4)). Suppose -3*s + 153 + 18 = 0. Calculate the greatest common factor of s and n.
19
Suppose 0 = -4*a - 5*s + 18, 0*s - 25 = -5*a - 5*s. Let t(b) = 35*b. Let m be 3 - 2 - (2 - 2). Let v be t(m). Calculate the greatest common factor of v and a.
7
Let t be (-429)/(-18) - (-12)/72. What is the highest common divisor of t and 3?
3
Suppose -2*h + 1 = -3. Suppose h*q = 6*q - 292. Suppose -3*m + 5*j + q = 0, 3*m - 2*j = m + 42. Calculate the greatest common factor of 24 and m.
8
Suppose 5*w + 0*w = 180. Let f(x) = -x**3 + 4*x**2 + 2*x - 3. Let b be f(-3). What is the highest common divisor of b and w?
18
Let j(i) = -i**3 - 6*i**2 + 6*i - 2. Let h be j(-7). Suppose 2*o - 9 + 3 = 0. Suppose -o*k = -6*k + 120. What is the highest common divisor of k and h?
5
Suppose -3*f = -4*i - 23, 0*f + 4*i = f - 5. Let c(y) = -13*y**2 + 1. Let n be c(-1). Let t be (n/8)/((-1)/42). Calculate the highest common factor of t and f.
9
Suppose 889 = 18*i - 299. Calculate the greatest common divisor of i and 6.
6
Suppose 2*c + 3*l - 52 = 0, -5*c + l + 172 = -2*l. What is the highest common divisor of c and 256?
32
Let r = 54 - 49. Calculate the greatest common factor of r and 10.
5
Let f = -54 + 198. Let w = f + -36. Calculate the highest common factor of 12 and w.
12
Suppose -k - 20 + 6 = -a, 2*k = 3*a - 44. Suppose -3*h = -a + 73. Let l be (5 - 3)*(-1 - h). Calculate the greatest common factor of 4 and l.
4
Let v be 1/(-2)*8/(-4). Suppose -w - 1 = 2*h, 0*h - 2*h = 2*w + 4. What is the highest common factor of v and h?
1
Let w be 1 + 208 + (10 - 9). Calculate the highest common factor of 84 and w.
42
Suppose -3*x + 11 = -5*q - 23, 3*x = -q + 4. Suppose -4*l + 778 = 3*g, l + 396 = x*l - 2*g. Calculate the greatest common factor of l and 28.
28
Let k be 1/(1 + 0)*3. Let c(i) = -4*i - 6*i + k*i**2 - 5 + 11. Let l be c(6). What is the greatest common divisor of l and 9?
9
Let v(j) = 5*j**3 - 3*j**2 - 4*j + 4. Let h = 3 + 0. Let m be v(h). Let g(s) = 13*s + 1. Let x be g(3). Calculate the highest common divisor of m and x.
20
Suppose 350 = 3*s - 4*m, -2*s + 7*s + 2*m = 540. Calculate the highest common factor of 10 and s.
10
Let o(r) = 2*r**2 - 3*r + 3. Suppose 12 = 4*b + j, 2*b + 3*b + 2*j - 18 = 0. Let q be o(b). What is the highest common divisor of q and 5?
5
Let k = 2 + -2. Suppose 2*l + 5*d = 150, k*d = -5*l + 4*d + 375. Let w be (1/(-2))/((-1)/30). What is the highest common divisor of w and l?
15
Suppose -d - 2*a = -7, -6*a + 3*a = 12. Let u(q) = -q**2 - 9*q - 5. Let c be u(-4). Suppose -2*m + c = m. What is the greatest common factor of m and d?
5
Let v be 280/21 - 2/(-3). Let f be 8/28 + 94/v. Calculate the highest common factor of 35 and f.
7
Let c = 91 + -14. Let o be (9 - 6 - 4/6)*3. What is the greatest common divisor of o and c?
7
Suppose 0 = -4*x + c, 2*x + 2*c = -2*c. Suppose x*r - 2*r = 6. Let g be ((-15)/(-12))/(r/(-48)). Calculate the greatest common factor of g and 5.
5
Let d(m) = -4*m**2 + 39*m. Let s be d(9). Suppose h - 4*p - 239 = 0, -5*h - 4*p - 706 + 1925 = 0. What is the highest common factor of h and s?
27
Let q(r) = 3*r - 9. Let f be q(6). Suppose -o - 2*t + 10 = 0, -6*t = -5*o - 3*t + 102. Calculate the greatest common divisor of f and o.
9
Suppose 3*c + 20 = 8*c. What is the highest common divisor of 32 and c?
4
Suppose 0 = 2*s - 168 + 38. Suppose t - 4*t = 5*m - 58, 5*t = -2*m + s. What is the greatest common divisor of t and 33?
11
Suppose -2*o + 40 + 50 = 0. Let c(u) = -u**3 - 4*u**2 - 4*u + 2. Let g be c(-4). What is the greatest common factor of g and o?
9
Let g = 6 - 3. Let k be 19/1 + 0/g. What is the highest common factor of 19 and k?
19
Suppose -3*c - 14 = -3*t + 10, -3*t - 3*c = -36. Suppose 5 = 5*y + p, -3*y + 4*y - 3*p - 17 = 0. Calculate the greatest common divisor of t and y.
2
Suppose 173 = 2*k - 69. Let t(z) = z**2 + 3*z - 6. Let n be t(-5). Suppose -5*l = -n*l - 11. What is the highest common divisor of l and k?
11
Let j be 14/((-2 - -1)*-2). Let k(m) = -m**3 + 11*m**2 - 4*m. Let q be k(j). Suppose 4*t - q = 56. Calculate the highest common divisor of t and 7.
7
Let c = -11 + 6. Let a be -3*c/(15/9). What is the highest common factor of 99 and a?
9
Let b be ((-2)/5)/((-17)/1445). What is the highest common factor of 102 and b?
34
Suppose 11 = 2*j - 55. Let u(x) = 16*x**3 - x + 1. Let c be u(1). Let v be (-2)/(-5)*(c + 39). What is the highest common divisor of j and v?
11
Let l(d) = 2*d**3 - d**2 + d - 4. Let a be l(2). Calculate the highest common factor of 20 and a.
10
Let n be -1 - 1 - (2 + -1). Let s = 0 - n. Calculate the greatest common factor of s and 27.
3
Let x(y) = -276*y + 1. Let n be x(1). Let c be n/(-10) - 1/(-2). Let p be ((-70)/4)/((-2)/8). Calculate the greatest common factor of p and c.
14
Let j(q) = 3*q**2 + 7*q - 6. Let t be j(6). Suppose -2*p - 4 = 2*o, 0*p - 15 = 3*p. Let m = o - -15. Calculate the greatest common factor of t and m.
18
Suppose -4*x + 156 = 3*p, 8*x - 4*p - 226 = 3*x. Let c = -558 + 564. What is the greatest common factor of c and x?
6
Let t(h) = h + 2. Let v = -2 - -2. Let q be t(v). Let i be (-1)/(q/4) + 41. Calculate the greatest common divisor of 26 and i.
13
Let l(v) = 2*v**2 + 10*v + 16. Let u be l(-6). What is the highest common factor of u and 14?
14
Let o = -12 - 3. Let f = o + 40. Calculate the highest common factor of f and 5.
5
Let y be (-4)/(6 - 2)*-27. Suppose 181 = k + 2*d, -3*k + k - 2*d + 370 = 0. What is the greatest common factor of y and k?
27
Let p(z) = -z**3 + 8*z**2 - 6*z - 6. Let m be p(7). Let v be (5 - 1)/(m + 1). Calculate the greatest common divisor of v and 4.
2
Let f(g) be the third derivative of -g**4/24 - g**3/6 + 2*g**2. Let x be f(-7). Let r be x + 2/(-4 + 2). Calculate the greatest common divisor of 20 and r.
5
Let t(g) be the first derivative of -g**3/3 + 4*g**2 + 3*g - 3. Let m be t(6). What is the highest common factor of m and 10?
5
Let c(w) = w**3 - 2*w**2 + 5*w - 4. Let x be c(4). Let t(z) = z**2 + 14*z + 19. Let a be t(-13). What is the highest common factor of a and x?
6
Let y(a) = 3*a + 8. Let n be y(-6). Let i be (24/n)/(12/40). Let c be 21/(-4)*i/3. Calculate the greatest common factor of 56 and c.
14
Let u(c) = -c + 2. Let i be u(-3). Let s(r) = 4*r - r**3 + 5*r - i*r. Let w be s(-5). What is the highest common factor of 15 and w?
15
Let j = 34 + -79. Let w = -24 - j. Let v = w - 5. Calculate the greatest common divisor of 2 and v.
2
Suppose -9 = 5*u - 4. Let s be (u - 36/4)*-1. What is the greatest common divisor of 40 and s?
10
Let s(f) = -f**3 - 2*f**2 + 4*f + 4. Let y be s(5). Let v = y - -277. Suppose g - 12 = 2. What is the greatest common divisor of g and v?
14
Let i(g) = -3*g - 7. Let c(h) = -h + 4. Let q be c(11). Let x be i(q). What is the highest common divisor of 42 and x?
14
Suppose w - 12 = -w. Suppose -w*f + f = -60. Suppose 0*r = -2*r + 72. What is the greatest common divisor of f and r?
12
Suppose -115 = -7*s + 2*s. Suppose -s = -4*v + 17. Calculate the greatest common factor of 15 and v.
5
Let s = -10 - -14. Let v(c) = 3*c**2 - s*c**3 + 5*c**3 - 1 + 5. Let h be v(-3). What is the greatest common divisor of 1 and h?
1
Suppose 43 = 4*s + 315. Let f be 7/(-21) - s/6. Calculate the greatest common divisor of f and 88.
11
Suppose 3*a - 3 = 2*a. Suppose 0*i = -a*i + 168. Let p be (-1)/(-3) + (-20)/(-3). What is the greatest common factor of i and p?
7
Suppose 7*t = -4*u + 3*t - 136, 142 = -5*u + 2*t. Let z be (-3)/((-27)/(-6))*u. What is the highest common factor of 50 and z?
10
Suppose -3*r - 2*l + 30 = -0*l, l + 3 = 0. Let i be r/(-10)*20/(-6). Suppose i*p - 4 = 0, 4*m - 193 = p + 86. What is the greatest common divisor of 28 and m?
14
Let w(m) be the third derivative of -m**5/60 + 3*m**4/8 - m**3/6 - m**2. Let h be w(8). Calculate the greatest common divisor of 7 and h.
7
Let o(k) = -k**3 + 2*k**2 + 2*k + 3. Let d be o(3). Suppose d = 3*s - 4*f - 26, 2*f + 2*f - 4 = 0. What is the greatest common factor of s